02 = 2*v, o - 59 = v + 46. What is the remainder when 430 is divided by o?
6
Let z be 2/((-7 + 1)/(-3)). Let j be 5/z - (-1 + 4). Suppose 186 = j*s + 68. Calculate the remainder when s is divided by 20.
19
Let u(x) be the first derivative of -x**4/2 - x**3/3 + 3*x**2/2 - x + 15. Let j be u(2). Let y = j - -80. What is the remainder when y is divided by 34?
31
Suppose 3*a - 85 = -s, -5*a + 6 = -2*s - 154. Calculate the remainder when 146 is divided by a.
26
Let r(l) = 643*l + 5331. Calculate the remainder when r(-8) is divided by 8.
3
Let v(a) = -a**3 + 10*a**2 + 10*a + 8. Let k be v(11). What is the remainder when (0 + k)/(21/(-1309)) is divided by 38?
35
Suppose -4*d = -1 + 17. Suppose -2*i = b - 25, -2*b = 5*i - 5 - 42. Let y = d + b. Calculate the remainder when 106 is divided by y.
25
Let k(l) = -23*l + 3*l - 2*l + 3 + 2*l. What is the remainder when ((-1650)/(-9))/(30/(-9) - -4) is divided by k(-1)?
22
Suppose -4248 = -3*h - 3*m, 10*h - 8*h - 4*m - 2808 = 0. What is the remainder when h is divided by 33?
26
Let f be (0 - 2/8)*-2*22. Suppose -918 = -6*z - f*z. Calculate the remainder when z is divided by 31.
23
Let q(x) = 3*x**2 - 5*x - 14. Let m be q(7). Calculate the remainder when (-9)/(-3) - (-10 - m) is divided by 56.
55
Let y(s) = -3*s**3 - 19*s**2 + 91*s + 1043. Calculate the remainder when y(-19) is divided by 79.
76
Let p = 221 + 189. Let r = -329 + p. What is the remainder when 160 is divided by r?
79
Let g(d) = -d**2 + 13*d - 12. Let x = -113 - -108. Let l be (x + 3)*12/(0 - 3). Calculate the remainder when 48 is divided by g(l).
20
Let y(h) = -h**2. Let n(s) = s**3 + 11*s**2 + 4*s - 3. Let z(t) = n(t) + 2*y(t). What is the remainder when 82 is divided by z(-8)?
24
Let f(p) = -103*p + 4. Let z be f(1). Let x = -83 - z. What is the remainder when 255 is divided by x?
15
Let y = -130 - -353. Suppose -55 - 41 = -5*d - 26. What is the remainder when y is divided by d?
13
Suppose 58*d - 794 = -27 + 973. Calculate the remainder when 1005 is divided by d.
15
Let r(w) = -w**2 + 17*w - 2. Let q be r(14). Calculate the remainder when 116 is divided by q/(39/26*2/3).
36
Suppose -i + 65 = -434. Let l = i + -478. What is the remainder when 54 is divided by l?
12
Let d = 29 + -56. Let n = -25 - d. What is the remainder when (n - 3) + 38 - 0 is divided by 10?
7
Let w be (19 - 25) + 1 + -279. Let r = -93 - w. Calculate the remainder when r is divided by 49.
44
Let g = 1416 + -1403. Calculate the remainder when 7120 is divided by g.
9
Suppose -4*n + 4*q + 584 = 0, -n + 609 = 3*n + q. Calculate the remainder when n is divided by ((101543/(-52))/107)/((-2)/8).
5
Calculate the remainder when (72/(-10))/(316/(-2765)) is divided by 28.
7
Let d(y) = -y**3 + 7*y**2 - y - 3. Suppose 0 = -4*j, 3*o + j = 4*o - 14. Let f = 20 - o. What is the remainder when 50 is divided by d(f)?
23
Let x(a) = -18*a - 14. Suppose -5*h = 43 + 122. Let w = 31 + h. What is the remainder when 56 is divided by x(w)?
12
Suppose 5*k - a = 163, -4*k + 39 = -5*a - 104. What is the remainder when 42 is divided by k?
10
Let o = 59 - 41. Let p(y) = -6*y - 53. Let c be p(-13). Let x = 90 - c. What is the remainder when x is divided by o?
11
Let h = -18 + 43. Suppose 63 + 616 = 7*i. Suppose -41*y = -40*y - i. What is the remainder when y is divided by h?
22
Let v(x) = 6*x**3 - x**2 - 7*x + 3. Let f be v(-5). What is the remainder when (f - 7)*((-5)/2)/5 is divided by 15?
12
Let i(t) be the second derivative of t**4/12 - 4*t**3/3 + 27*t**2/2 + 6*t - 3. Calculate the remainder when 101 is divided by i(9).
29
Suppose -5*j = 5*k - 30, j - 4 - 14 = -4*k. Suppose -2*i + i = -4. What is the remainder when 0 + 114/k + (-27)/(-18) is divided by i?
2
Suppose 9835 = 27*p - 36605. Calculate the remainder when p is divided by 157.
150
Suppose -253*m + 1830 = -243*m. Calculate the remainder when m is divided by (92/12)/(2/12).
45
Let a = -6 + 5. Let h be (-1)/(a - 4/(-3)). Calculate the remainder when (17/h)/((-7)/63) is divided by 26.
25
Let p(v) = 2*v**2 - 17*v - 379. What is the remainder when p(26) is divided by 14?
13
Let o(q) = q**3 - 79*q**2 - 81*q + 94. Suppose 5*y + 3 = -2*n + 4, 15 = -5*y. Let w = 19 + n. Calculate the remainder when w is divided by o(80).
13
Suppose 0 = -4*z - 3*y - 7, z - 6 = 3*y + 11. What is the remainder when (((-342)/133)/(-6))/((-12)/(-1484)) + 13 is divided by z/(-8) + 93/4?
20
Let d be (-236 - -4)*9/(-18). Let q = 129 - d. Calculate the remainder when 296 is divided by q.
10
Let w = -540 - -726. Let i = 200 - w. What is the remainder when -74*2/(-4)*1 is divided by i?
9
Let v(l) = 1002*l - 5995. Calculate the remainder when 21 is divided by v(6).
4
Suppose 0*w + 4*d - 540 = -2*w, 3*w - 860 = 4*d. Let p = w - 136. Calculate the remainder when p is divided by 29.
28
Let f(t) be the second derivative of -t**5/4 - t**4/6 - t**3/2 - 3*t. Let z(y) = y**3 + 6*y**2 - 2*y + 2. What is the remainder when f(-2) is divided by z(-6)?
10
Let v(o) = o**3 - 20*o**2 - 56*o + 524. What is the remainder when v(25) is divided by 50?
49
Let z = 41349 - 39209. What is the remainder when z is divided by 305?
5
Let m = 435 + -334. Let k(x) = x**3 - 5*x**2 + 2*x - 13. What is the remainder when m is divided by k(6)?
31
Let t = 249 + -244. What is the remainder when ((-348)/(-18))/(t + 445/(-90)) is divided by 71?
64
Let x(u) = 4*u + 256. Let y(n) = -3*n - 171. Let f(a) = 5*x(a) + 7*y(a). Calculate the remainder when f(5) is divided by 26.
0
Let r = -1464 - -1497. Calculate the remainder when 538 is divided by r.
10
Suppose -3*v + 3*k - 213 = 0, -k + 2*k + 225 = -3*v. Let b = v - -77. What is the remainder when 21 is divided by b?
0
Suppose 28 - 8 = 5*h. Suppose -18 = -2*s + h*w, 0*s + 4*s = -4*w + 48. Calculate the remainder when s is divided by 5.
1
Suppose 5*i - 31 = -4*p, p + 0*p - i - 10 = 0. Let f = 267 + -205. Suppose 67*w - 85 = f*w. What is the remainder when w is divided by p?
8
Let s(v) = 304*v + 1933. Calculate the remainder when s(-5) is divided by 137.
2
Let s(z) = 2*z**2 + 3*z - 62. Let r be s(6). Suppose -29*v + r*v + 14 = 0. Calculate the remainder when 76 is divided by v.
6
Let s(u) = 64*u**2 - u + 1. Let z = 75 + -73. Let h(o) = -o**3 + 5*o**2 + o - 3. Calculate the remainder when s(1) is divided by h(z).
9
Suppose -4*h + 0*h + 36 = 0. Let k(a) = 4*a**3 - 5*a**3 - 3*a**2 + 2*a**3 + 3*a + 6 + h*a**2. Calculate the remainder when 155 is divided by k(-4).
25
Suppose 420*f - 421*f + 5*n + 2917 = 0, -12 = -3*n. Calculate the remainder when f is divided by 173.
169
Let h = 155 - 143. Let k(v) = 47*v - 92. What is the remainder when k(h) is divided by 24?
16
Let r be -1*(0/(-1) + -375). Suppose -48*k = -100*k - 374*k. Suppose k = -2*b - 3*b + r. Calculate the remainder when b is divided by 40.
35
Let f(r) = 3*r**2 + 199*r - 286. Calculate the remainder when f(-68) is divided by (-216)/(-5) - (-4)/5.
10
Let p(d) = 14*d**3 - d**2 + d - 1. Calculate the remainder when p(2) is divided by 33/(-4 + (-43 - -50)).
10
Suppose -31 = -82*j + 78*j - 3*d, 3*j - 2*d - 2 = 0. Suppose -j*l = 35*l - 2028. What is the remainder when 215 is divided by l?
7
Suppose -3*q = 4*o - 1134, 5*q - 4*o - 307 = 1551. Calculate the remainder when q is divided by 22.
0
Suppose -5*q = 3*x - 685 + 26, 5*q = -10. Let m = x + -195. Calculate the remainder when 333 is divided by m.
25
Let l(v) = 37*v + 9. Let h be l(1). Suppose 13*j - 136 = h. What is the remainder when 44 is divided by j?
2
Suppose -272 = -18*m - 56. Calculate the remainder when 548 is divided by 684/m + (-5)/((-15)/(-6)).
53
Suppose -5*i = 3*k - 69, -4*i - 3*k = -2*k - 58. Let m = 39 - i. Suppose 8*u = m + 280. What is the remainder when u is divided by 23?
15
Suppose 3*p + 4*d = 2*d + 76, 4*p - 2*d - 78 = 0. Suppose -2*i + p*v - 19*v + 107 = 0, -v = 2*i - 103. What is the remainder when 206 is divided by i?
50
Let l(t) = -24*t - 1010. What is the remainder when l(-55) is divided by 43?
9
Let l = 92 + -54. Let m = -47 + l. Calculate the remainder when 61 is divided by (-24)/9*3*m/4.
7
Let z(s) = -4*s**3 - 4*s**2 - 22*s - 35. What is the remainder when 58 is divided by z(-2)?
8
Let s(h) = -48*h + 743. Calculate the remainder when s(-14) is divided by 703.
9
Suppose 90 = 3*u - 0*u. Let g = u - 2. What is the remainder when 51 is divided by g?
